inder when r is divided by 14.
11
Let j(g) = -5*g + 119 - 11 + 2*g - 45. Let n be j(21). Calculate the remainder when 38 is divided by -20*(-4 + n - (-21)/6).
8
Let p be 0 - (142/3)/(13/(-39)). Let y = 210 - p. What is the remainder when y is divided by (12/(-15))/((-6)/105)?
12
Let u(z) be the first derivative of z**3/3 - 93*z - 39. Calculate the remainder when 108 is divided by u(-11).
24
Let w(p) = p**2 + 2*p + 5. Let v be w(9). What is the remainder when 9529/v - 9/(-24) is divided by 5?
2
Let m(p) = -p**3 - 28*p**2 + 24*p - 33. Let w be m(-29). Suppose -5*y = 2*r - w, r - 5*r - 106 = -5*y. Calculate the remainder when y is divided by 14.
8
Suppose -4*b + 629 = o, 33*b - 4*o - 760 = 28*b. What is the remainder when 2030 is divided by b?
2
Let n be (-4)/6 - (-9)/((-216)/(-7096)). Suppose 3*k + 5*q - 191 = -k, n = 5*k - 5*q. Let i = k - 43. Calculate the remainder when i is divided by 7.
4
Suppose -23*h - 37 + 37 = 0. Suppose -11*j + 32*j - 651 = h. What is the remainder when 400 is divided by j?
28
Let m(k) = -2*k + 33. Let v(y) = -4*y. Let q be v(-4). Let r be m(q). What is the remainder when (r/2)/((-3)/(-252)) is divided by 23?
19
What is the remainder when 225 + -215 - (-2)/((-6)/(-1797)) is divided by 68?
65
Suppose -17 - 8 = 5*k, 3*k - 1 = -2*a. What is the remainder when a is divided by 16/(-20)*10/4 + 9?
1
Let l(n) = n**3 + 3*n**2 - 3*n + 20. Suppose -2*h - 51 + 43 = 0. Calculate the remainder when 172 is divided by l(h).
12
Let z(u) = -14*u**3 + 3*u**2 + 2*u + 3. Let q be z(-2). Suppose 6*v + 156 = 546. Let x = q - v. Calculate the remainder when x is divided by 10.
8
Suppose 0 = -3*d - 5*i + 45, -4*d + i + 225 = 165. What is the remainder when d is divided by 12?
3
Let y(g) = g**2 - 12*g - 13. Let b be y(13). Suppose -4*h + j - 14 + 152 = b, -6 = -3*j. Let x = -26 + 38. Calculate the remainder when h is divided by x.
11
Let c(z) = 189*z + 16075. Calculate the remainder when 22959 is divided by c(-85).
9
Let p(g) = -2*g**3 - 21*g**2 - 18*g - 51. What is the remainder when 110 is divided by p(-10)?
23
Let n(x) = -2*x**3 - 13*x**2 - x - 25. Let s(b) = -17*b - 10. Calculate the remainder when s(-4) is divided by n(-7).
27
Let d = -158 - -286. Suppose 4*v + 48 = d. Suppose 314 = 114*t - 26*t - 302. What is the remainder when v is divided by t?
6
Let o = -3596 + 3616. Calculate the remainder when 6198 is divided by o.
18
Let s(j) be the first derivative of 5*j**2/2 + 4*j - 1. Let d(f) = 34*f**3 - 68*f**2 + 58*f - 2. Calculate the remainder when d(2) is divided by s(5).
27
Let b(p) = -4731*p**3 - p**2 - 60*p - 60. What is the remainder when b(-1) is divided by 182?
180
Let i = -9287 - -10044. Calculate the remainder when i is divided by 156.
133
Let h(v) = 4*v + 23. Let u be h(-8). Let o = -5 - u. Suppose -3*b + 4*t + 472 = 0, o*b + 5*t = -0*b + 681. Calculate the remainder when b is divided by 15.
14
Let m = -713 - -938. Suppose a = 321 + m. Calculate the remainder when a is divided by 50.
46
Let p(w) = 2*w**2 + w + 54. Suppose 5*r + 2*i = 2, 4*r - 4*i + 4 = 5*r. What is the remainder when p(r) is divided by 4?
2
Suppose 1806 - 998 = 2*k. Let u = k + -403. Calculate the remainder when 1 - 1/1*-4 is divided by u.
0
Let a(z) be the first derivative of z**3/3 + 7*z**2/2 + 23*z - 111. Calculate the remainder when a(0) is divided by 15.
8
Let a(t) = -933*t - 4364. Calculate the remainder when a(-8) is divided by 440.
20
Let h(s) = s**3 - 11*s**2 + 20*s - 27. Let o be h(11). Let z = o + -144. Calculate the remainder when z is divided by 13.
10
Let i(r) = -14*r + 9. Let v = 45 - 43. Suppose -6*k + k = -v*u - 90, k + u = 18. What is the remainder when i(-7) is divided by k?
17
Suppose 334*l + 6*c + 102 = 337*l, -4*l = 4*c - 112. Calculate the remainder when (-473)/(-4) + 2/(-8) is divided by l.
28
Let d = 11 - 10. Let l be 0 - (-1 + -1 - (-1 - -1)). Suppose -p + 0 = -d, -4*g + 26 = -l*p. What is the remainder when 81 is divided by g?
4
Let o(j) = 45*j**2 + 14*j - 21. Let d(q) = -q + 1. Let x(f) = 6*d(f) + o(f). Calculate the remainder when x(-3) is divided by 46.
44
Let y(t) = 6*t + 53. Let z be y(-6). Suppose -z*l = 339 - 2345. Let w = 19 + -2. What is the remainder when l is divided by w?
16
Let n(t) = 4*t**2 - 4*t - 1. Let p = -175473 - -175492. What is the remainder when n(-6) is divided by p?
15
Let x be 12*12*-1 - (-9 - -6). Let b = x + 241. Let m = b - 53. Calculate the remainder when 186 is divided by m.
45
Let v = 12019 + -11679. Calculate the remainder when v is divided by 178.
162
Let w(h) = 25*h + 1. Let n be w(9). Suppose 489 = 5*c - n. Let q = c - 59. What is the remainder when q is divided by 17?
16
Calculate the remainder when 138 is divided by ((5/15)/((-4)/(-2952)))/(-3 + 5).
15
Suppose 0 = 43*b - 30102 - 83934. Calculate the remainder when b is divided by 44.
12
Let s(o) = -5*o**2 + 43*o**3 - 29*o**3 - 8*o**2 + 32*o + 41 - 15*o**3. Calculate the remainder when 130 is divided by s(-15).
9
Suppose -1341*u + 1325*u = -13216. What is the remainder when u is divided by 46?
44
Suppose 161*z = -186*z + 202301. What is the remainder when z is divided by 561?
22
Suppose 1719*w = 506*w + 48343 + 42632. Suppose -t + 2 + 8 = -v, -5*t + 34 = -v. What is the remainder when w is divided by t?
3
Let l be 0/2 + (2 - -47). Let b = 163 - l. Let h(w) = 235*w**2 - 690*w - 6. Calculate the remainder when b is divided by h(3).
36
Suppose 413*o - 175*o - 115668 = 0. Calculate the remainder when o is divided by 61.
59
Let w be 0/3 + (2/(-2) - -2). What is the remainder when ((-22)/(-4))/((-9)/(-108)) is divided by 15 + w + (5 - 4)?
15
Let t(j) = j**2 - 296*j - 99. Calculate the remainder when t(-12) is divided by 35.
27
What is the remainder when 10/(-125) + 2 + 424016/200 is divided by 59?
57
Let k(y) = -1302*y - 59879. Let t(j) = 41*j + 4. What is the remainder when t(4) is divided by k(-46)?
12
Let u(o) = -146*o - 4. Let q be u(2). Let g = -198 - q. Calculate the remainder when g is divided by 33.
32
Suppose -5*k + 487 = -306 + 633. Calculate the remainder when 923 is divided by k.
27
Let y = 29788 - 29753. Calculate the remainder when y is divided by (-3)/((-2)/(9 - 1)).
11
Let f = -75 - -93. What is the remainder when 31 is divided by (6/f)/(6/18)?
0
Let z(n) = 13*n - 12. Let s(y) = -y**3 - 2*y**2 - y + 14. What is the remainder when z(4) is divided by s(0)?
12
Suppose 554*n - 550*n - 12 = 0. Suppose x - 9 = n*g - 4*x, -g - 2*x + 8 = 0. Calculate the remainder when 60 is divided by g.
0
Suppose -49*f - 1271 = 3188. Let k = f - -297. Calculate the remainder when k is divided by 35.
31
Let j = 156 + -154. Suppose 0 = -z - j*z + 108. What is the remainder when 138 is divided by z?
30
Let t = 45 + -26. Let v(i) = -7*i**2 - 400*i + 518. Calculate the remainder when v(-58) is divided by t.
18
Let p = -44 + 93. Calculate the remainder when p is divided by 39/2 + ((-3045)/(-42))/(-29).
15
Let h = -254 - -1054. Suppose 0 = 19*s - 3*s - h. Calculate the remainder when s is divided by 7.
1
Suppose -3*m + z = -39, -24 = 107*m - 110*m - 4*z. What is the remainder when 1307 is divided by m?
11
Calculate the remainder when ((-1 - -9) + -48)*33/(-6) is divided by 17.
16
Calculate the remainder when 851 is divided by -4 - 1*-8 - 1 - 1496/(-11).
17
Let w(y) = 2*y**2 - 2*y + 27. Suppose -6 - 27 = 3*t. Calculate the remainder when w(t) is divided by 43.
33
Suppose 3*m - 4*k - 4 = 0, 0*m + 4*k = 2*m - 4. Suppose 5*j = -g, -21*j + 17*j - 12 = m. Calculate the remainder when 89 is divided by g.
14
Let q = -539 - -337. Let u = q - -214. Calculate the remainder when 173 is divided by u.
5
Let i = 7231 - 7116. What is the remainder when i is divided by 14?
3
Suppose 125*b - 113*b - 96 = 0. Let a be 0 + (-4)/2 + 46. Calculate the remainder when -1 + 3512/a - b/(-44) is divided by 10.
9
Let h = 116 - 55. Suppose 1571 - 1636 = -5*b. What is the remainder when h is divided by b?
9
Suppose -76*x + 2940 = -2608. Calculate the remainder when 508 is divided by x.
70
Let b = 10502 + -10484. Calculate the remainder when 549 is divided by b.
9
Suppose -7*i = -2*i - 100. Suppose 3*c + 3*p - 30 = -0*p, -4*p - i = 0. What is the remainder when 3 - (38/6)/((-19)/114) is divided by c?
11
Suppose -74*a + 523 = -64*a - 47. Calculate the remainder when 713 is divided by a.
29
Let y be